 the highest common divisor of 8897 and 86903887?
287
Calculate the highest common factor of 102603381 and 4335.
867
What is the highest common factor of 34490748 and 1752?
876
Calculate the highest common divisor of 955853776 and 32.
16
What is the highest common divisor of 564 and 251363238?
282
Calculate the highest common factor of 462 and 2394672.
42
Calculate the highest common divisor of 200923 and 221.
17
Calculate the greatest common divisor of 804 and 20215776.
804
What is the highest common divisor of 32 and 57027?
1
Calculate the highest common divisor of 300 and 1978734.
6
What is the greatest common factor of 762219 and 36?
9
Calculate the greatest common factor of 1897122 and 12.
6
Calculate the greatest common factor of 2561 and 24609.
13
Calculate the greatest common factor of 421537 and 237795.
191
What is the highest common divisor of 5425 and 19395243?
217
What is the greatest common divisor of 8140 and 5962?
22
What is the highest common factor of 42163301 and 115?
23
What is the greatest common divisor of 6231042 and 2988?
18
Calculate the greatest common divisor of 772603 and 4004.
13
Calculate the highest common factor of 805680230 and 8290.
8290
Calculate the greatest common divisor of 38 and 1370606.
2
What is the highest common divisor of 365 and 309739?
73
What is the greatest common divisor of 32713 and 323?
1
What is the highest common factor of 7650 and 7647705?
765
What is the highest common factor of 69 and 643609?
23
What is the highest common divisor of 918 and 90235116?
306
What is the greatest common divisor of 38819 and 129382?
11
Calculate the greatest common divisor of 388755 and 8550.
45
What is the greatest common divisor of 3817076310 and 90?
90
What is the highest common factor of 16 and 3646331632?
16
Calculate the greatest common factor of 29698 and 211482.
62
What is the greatest common divisor of 1536017 and 95361?
133
What is the highest common factor of 124 and 211594499?
31
Calculate the greatest common factor of 378 and 12753846.
126
Calculate the greatest common divisor of 7423 and 22862269.
571
Calculate the greatest common divisor of 11 and 290501409.
11
What is the greatest common factor of 974692 and 8?
4
Calculate the greatest common factor of 146491437 and 388.
97
Calculate the greatest common divisor of 665 and 29363455.
95
What is the highest common divisor of 81062368 and 160?
32
Calculate the highest common divisor of 920 and 616120.
40
Calculate the highest common factor of 98647602 and 6.
6
What is the greatest common divisor of 148482 and 471726?
1314
What is the greatest common factor of 127380 and 484?
44
Calculate the greatest common factor of 1037346 and 8142.
138
What is the greatest common factor of 105476 and 181147496?
15068
Calculate the highest common factor of 55325788 and 28.
28
Calculate the highest common factor of 20536 and 861606.
302
What is the greatest common factor of 338 and 3317873?
13
What is the highest common divisor of 180 and 7487460?
180
Calculate the greatest common divisor of 224 and 185408.
32
What is the greatest common divisor of 25944452 and 1336?
668
What is the highest common factor of 6263844 and 589?
19
What is the greatest common factor of 14408185 and 1485?
55
Calculate the highest common factor of 2701518 and 1161.
129
What is the highest common divisor of 567 and 205863?
21
What is the highest common factor of 189 and 53787069?
63
Calculate the highest common factor of 23472014 and 502.
502
What is the highest common factor of 128651 and 1309751?
127
Calculate the greatest common factor of 8346168 and 384.
24
What is the greatest common factor of 73 and 82234573?
73
What is the greatest common factor of 23160735 and 5565?
795
What is the highest common factor of 846 and 51371564?
94
Calculate the highest common divisor of 52731 and 3485454.
651
Calculate the greatest common factor of 1356 and 95375616.
1356
Calculate the highest common factor of 140753955 and 60.
15
What is the greatest common factor of 86757 and 183552?
717
What is the highest common divisor of 46812080 and 175?
35
What is the greatest common divisor of 204 and 56531460?
204
What is the highest common divisor of 438600 and 5168?
136
Calculate the greatest common factor of 4680764 and 3971.
209
Calculate the highest common factor of 2 and 8280816.
2
What is the greatest common factor of 4076 and 223614455?
1019
What is the highest common divisor of 1109719 and 559?
13
Calculate the highest common factor of 34 and 1035286570.
34
Calculate the greatest common divisor of 360302 and 188.
94
Calculate the highest common divisor of 1148221 and 74.
37
What is the greatest common divisor of 1767 and 7032567?
93
What is the highest common factor of 2249723 and 11540?
577
Calculate the highest common factor of 440 and 5255965.
55
Calculate the greatest common divisor of 660481 and 12439612.
3319
What is the greatest common divisor of 9323166 and 6924?
3462
Calculate the highest common divisor of 252 and 98709534.
126
What is the highest common divisor of 23795029 and 1?
1
What is the greatest common divisor of 156 and 2092961?
13
Calculate the greatest common divisor of 97466981 and 42220.
2111
Calculate the highest common factor of 122668 and 12836.
4
Calculate the greatest common divisor of 3831855 and 15.
15
What is the greatest common factor of 6982206 and 2079?
231
What is the greatest common divisor of 96276259 and 1711?
1711
What is the greatest common divisor of 13508106 and 7052?
3526
What is the greatest common factor of 40034 and 13248008?
1082
What is the greatest common factor of 17385484 and 1484?
212
What is the greatest common factor of 24603009 and 51648?
807
What is the greatest common factor of 680950 and 2550?
50
Calculate the greatest common factor of 71563130 and 34140.
5690
Calculate the greatest common divisor of 2021063 and 1694.
121
What is the highest common factor of 5375576022 and 9474?
9474
Calculate the greatest common divisor of 7 and 1540130459.
7
What is the highest common factor of 11922 and 361679701?
1987
What is the highest common factor of 4520 and 217000115?
565
What is the highest common divisor of 1034 and 2371193?
11
What is the highest common factor of 8945020 and 56?
28
Calculate the greatest common factor of 70590 and 19817850.
390
What is the highest common factor of 24480 and 82062672?
816
Calculate the highest common factor of 3571037 and 79.
79
What is the highest common factor of 149804035 and 1555?
1555
Calculate the greatest common factor of 5372 and 42823.
17
Calculate the greatest common divisor of 1749 and 106609129.
583
What is the greatest common divisor of 50 and 6291310?
10
Calculate the greatest common divisor of 1183 and 100303021.
1183
What is the greatest common divisor of 135 and 112491531?
27
Calculate the highest common factor of 160 and 102836736.
32
What is the highest common factor of 20665543 and 6?
1
What is the highest common divisor of 12470776 and 740?
148
Calculate the highest common factor of 90 and 1573143270.
30
Calculate the highest common divisor of 98001711 and 189.
27
What is the highest common factor of 12 and 5199416?
4
What is the greatest common factor of 6592181 and 527?
31
Calculate the greatest common factor of 22518 and 2709936.
162
Calculate the highest common factor of 5946390 and 990.
90
Calculate the highest common divisor of 21105 and 70.
35
What is the greatest common factor of 39 and 103589681?
13
What is the greatest common factor of 9288 and 193672?
344
Calculate the greatest common divisor of 202 and 2152613.
101
Calculate the highest common divisor of 1020 and 388343580.
1020
Calculate the highest common divisor of 58905 and 3833704.
119
What is the highest common divisor of 1143312 and 6?
6
Calculate the greatest common factor of 709018 and 32270.
922
Calculate the greatest common divisor of 31 and 30797911.
31
What is the highest common factor of 3 and 2224964178?
3
Calculate the highest common factor of 13865504 and 276.
92
What is the highest common divisor of 3838 and 973034?
202
Calculate the highest common divisor of 37281623 and 62.
31
Calculate the highest common factor of 240 and 231874360.
40
Calculate the highest common factor of 530294 and 48749.
1189
Calculate t